{"version":"1.0","provider_name":"Piso Franco","provider_url":"https:\/\/pisofranco.gal\/es\/","title":"Me tengo por un apasionado de la vida - Piso Franco","type":"rich","width":600,"height":338,"html":"<blockquote class=\"wp-embedded-content\" data-secret=\"VDgoiyIGzj\"><a href=\"https:\/\/pisofranco.gal\/es\/artigos\/2025\/01\/19\/tenome-por-un-apaixonado-da-vida-478090\/\">Me tengo por un apasionado de la vida<\/a><\/blockquote><iframe sandbox=\"allow-scripts\" security=\"restricted\" src=\"https:\/\/pisofranco.gal\/es\/artigos\/2025\/01\/19\/tenome-por-un-apaixonado-da-vida-478090\/embed\/#?secret=VDgoiyIGzj\" width=\"600\" height=\"338\" title=\"\u00abMe tengo por un apasionado de la vida\u00bb \u2014 Piso Franco\" data-secret=\"VDgoiyIGzj\" frameborder=\"0\" marginwidth=\"0\" marginheight=\"0\" scrolling=\"no\" class=\"wp-embedded-content\"><\/iframe><script type=\"text\/javascript\">\n\/* <![CDATA[ *\/\n\/*! This file is auto-generated *\/\n!function(d,l){\"use strict\";l.querySelector&&d.addEventListener&&\"undefined\"!=typeof URL&&(d.wp=d.wp||{},d.wp.receiveEmbedMessage||(d.wp.receiveEmbedMessage=function(e){var t=e.data;if((t||t.secret||t.message||t.value)&&!\/[^a-zA-Z0-9]\/.test(t.secret)){for(var s,r,n,a=l.querySelectorAll('iframe[data-secret=\"'+t.secret+'\"]'),o=l.querySelectorAll('blockquote[data-secret=\"'+t.secret+'\"]'),c=new RegExp(\"^https?:$\",\"i\"),i=0;i<o.length;i++)o[i].style.display=\"none\";for(i=0;i<a.length;i++)s=a[i],e.source===s.contentWindow&&(s.removeAttribute(\"style\"),\"height\"===t.message?(1e3<(r=parseInt(t.value,10))?r=1e3:~~r<200&&(r=200),s.height=r):\"link\"===t.message&&(r=new URL(s.getAttribute(\"src\")),n=new URL(t.value),c.test(n.protocol))&&n.host===r.host&&l.activeElement===s&&(d.top.location.href=t.value))}},d.addEventListener(\"message\",d.wp.receiveEmbedMessage,!1),l.addEventListener(\"DOMContentLoaded\",function(){for(var e,t,s=l.querySelectorAll(\"iframe.wp-embedded-content\"),r=0;r<s.length;r++)(t=(e=s[r]).getAttribute(\"data-secret\"))||(t=Math.random().toString(36).substring(2,12),e.src+=\"#?secret=\"+t,e.setAttribute(\"data-secret\",t)),e.contentWindow.postMessage({message:\"ready\",secret:t},\"*\")},!1)))}(window,document);\n\/* ]]> *\/\n<\/script>\n","thumbnail_url":"https:\/\/pisofranco.gal\/wp-content\/uploads\/2025\/01\/1698005210129Bernardino.jpg","thumbnail_width":2110,"thumbnail_height":1411,"description":"Bernardino Gra\u00f1a decidi\u00f3 marchar a escribir. O a vivir otra vida con mar, lecturas y con los humildes de la Tierra. En septiembre de 2005, La Voz de Galicia public\u00f3 esta entrevista con el escritor en la que habla de literatura, de sus motivaciones, de sus argumentos y de que, quiz\u00e1, el mar era menos protagonista que la gente que viv\u00eda de \u00e9l."}

Bernardino Graña decidió marchar a escribir. O a vivir otra vida con mar, lecturas y con los humildes de la Tierra. En septiembre de 2005, La Voz de Galicia publicó esta entrevista con el escritor en la que habla de literatura, de sus motivaciones, de sus argumentos y de que, quizá, el mar era menos protagonista que la gente que vivía de él.
