{"version":"1.0","provider_name":"Piso Franco","provider_url":"https:\/\/pisofranco.gal\/es\/","title":"Yo fui con mi padre al bosque - Piso Franco","type":"rich","width":600,"height":338,"html":"<blockquote class=\"wp-embedded-content\" data-secret=\"TxHO0J3AxK\"><a href=\"https:\/\/pisofranco.gal\/es\/artigos\/2025\/02\/07\/eu-fun-co-meu-pai-ao-monte-485295\/\">Yo fui con mi padre al bosque<\/a><\/blockquote><iframe sandbox=\"allow-scripts\" security=\"restricted\" src=\"https:\/\/pisofranco.gal\/es\/artigos\/2025\/02\/07\/eu-fun-co-meu-pai-ao-monte-485295\/embed\/#?secret=TxHO0J3AxK\" width=\"600\" height=\"338\" title=\"\u00abYo fui con mi padre al bosque\u00bb \u2014 Piso Franco\" data-secret=\"TxHO0J3AxK\" frameborder=\"0\" marginwidth=\"0\" marginheight=\"0\" scrolling=\"no\" class=\"wp-embedded-content\"><\/iframe><script type=\"text\/javascript\">\n\/* <![CDATA[ *\/\n\/*! This file is auto-generated *\/\n!function(d,l){\"use strict\";l.querySelector&&d.addEventListener&&\"undefined\"!=typeof URL&&(d.wp=d.wp||{},d.wp.receiveEmbedMessage||(d.wp.receiveEmbedMessage=function(e){var t=e.data;if((t||t.secret||t.message||t.value)&&!\/[^a-zA-Z0-9]\/.test(t.secret)){for(var s,r,n,a=l.querySelectorAll('iframe[data-secret=\"'+t.secret+'\"]'),o=l.querySelectorAll('blockquote[data-secret=\"'+t.secret+'\"]'),c=new RegExp(\"^https?:$\",\"i\"),i=0;i<o.length;i++)o[i].style.display=\"none\";for(i=0;i<a.length;i++)s=a[i],e.source===s.contentWindow&&(s.removeAttribute(\"style\"),\"height\"===t.message?(1e3<(r=parseInt(t.value,10))?r=1e3:~~r<200&&(r=200),s.height=r):\"link\"===t.message&&(r=new URL(s.getAttribute(\"src\")),n=new URL(t.value),c.test(n.protocol))&&n.host===r.host&&l.activeElement===s&&(d.top.location.href=t.value))}},d.addEventListener(\"message\",d.wp.receiveEmbedMessage,!1),l.addEventListener(\"DOMContentLoaded\",function(){for(var e,t,s=l.querySelectorAll(\"iframe.wp-embedded-content\"),r=0;r<s.length;r++)(t=(e=s[r]).getAttribute(\"data-secret\"))||(t=Math.random().toString(36).substring(2,12),e.src+=\"#?secret=\"+t,e.setAttribute(\"data-secret\",t)),e.contentWindow.postMessage({message:\"ready\",secret:t},\"*\")},!1)))}(window,document);\n\/* ]]> *\/\n<\/script>\n","thumbnail_url":"https:\/\/pisofranco.gal\/wp-content\/uploads\/2025\/02\/IMG_3219.jpeg","thumbnail_width":1280,"thumbnail_height":960,"description":"Salir por la ma\u00f1ana era una de las virtudes. Cuando clareaba. Cuando no se distinguen los l\u00edmites de las cosas por m\u00e1s que se sepan de memoria. Salir madrugando no porque el mundo sea otro. Salir con medio sue\u00f1o porque a esa hora el mundo huele diferente. \u00c9l explicaba que a nuevo, a renacido. Con &hellip;"}

Salir por la mañana era una de las virtudes. Cuando clareaba. Cuando no se distinguen los límites de las cosas por más que se sepan de memoria. Salir madrugando no porque el mundo sea otro. Salir con medio sueño porque a esa hora el mundo huele diferente. Él explicaba que a nuevo, a renacido. Con &hellip;
